Suppose 0 = -8*j + 22 - 478. List the prime factors of ((-1)/3)/(j/47880).
2, 5, 7
Let l = -13023 + 19974. List the prime factors of l.
3, 7, 331
Suppose 14*a = 15*a - 27*a + 689156. What are the prime factors of a?
2, 29, 457
Let f(q) = 12*q**2 + 9*q + 1. Let i be f(-1). What are the prime factors of 17/(i/(4 + 40))?
11, 17
Let m = 38 - -86. Let t = m + -33. List the prime factors of t.
7, 13
Let w = 119 + -107. Suppose 4*r + w = 0, 3*r - 1748 - 148 = -5*x. What are the prime factors of x?
3, 127
Suppose -12 = -3*p + 4*n, 16*p + 6 = 13*p - 2*n. Let o = 3 + -2. What are the prime factors of 2*(p + (o - -30))?
2, 31
Suppose 31*a - 1 = 32*a, w - 23969 = -4*a. List the prime factors of w.
3, 61, 131
Let n be (((-75)/(-10))/1)/(1/4). Suppose -z - 4*z - n = 0. List the prime factors of z/(-8) + (-484)/(-16).
31
Let m = -16836 + 25117. What are the prime factors of m?
7, 13
What are the prime factors of 6*(7 + (-417079)/(-78))?
5, 257
Let w = -96186 + 182564. What are the prime factors of w?
2, 43189
Let l(p) = -2*p**3 - 13*p**2 + 5*p + 16. Let n be l(-6). List the prime factors of (156 - 1) + 0/(n/(-5)).
5, 31
Suppose -22*q + 31*q - 81 = 0. Suppose -q*x = -18028 + 3529. List the prime factors of x.
3, 179
Suppose -2*x = -5*x + 12. Suppose -38*t + 10920 = t. Suppose -2*y - 84 = -d - 222, d + t = x*y. List the prime factors of y.
71
Let d(t) = 82*t + 2377. Let y be d(-27). Suppose -3*j + 38 = -5*j. Let o = y - j. What are the prime factors of o?
2, 7, 13
Suppose 4*j - 37 = 2*x - 33, 4*x = 2*j + 10. Suppose -75 = -j*q - b, 16*b = 18*b. What are the prime factors of q?
5
Suppose -23*l + 99039 + 125185 = 9*l. What are the prime factors of l?
7, 11, 13
Let d(r) = -11*r - 5. Let x(m) = 1. Let b(q) = d(q) + 3*x(q). Let y be b(-4). Suppose -3*j + 90 = -y. List the prime factors of j.
2, 11
Suppose -9*p + 530 = p. Let u be (p - -5)*(-1)/2. Let x = u + 65. List the prime factors of x.
2, 3
Suppose 2 = 2*c - 2, -x = 3*c - 9. Suppose x*s - 1813 - 737 = -5*f, f + 3 = 0. What are the prime factors of s?
3, 5, 19
Let a = -46 - -50. Let k be ((-981)/(-3) - 2) + a + -1. Let s = -227 + k. List the prime factors of s.
101
List the prime factors of ((-21)/(-63))/((-1)/(-6999)).
2333
Let x = 20140 - 3486. List the prime factors of x.
2, 11, 757
Suppose 0 = -t - 4, -4*f + t + 3*t + 48 = 0. Suppose 0 = -4*d + f*d + 4. List the prime factors of d*14*((-85)/2)/5.
7, 17
Let d = -43 - -27. Suppose 60 = 20*j - 23*j. Let z = d - j. What are the prime factors of z?
2
Let n = 11809 - -3466. What are the prime factors of n?
5, 13, 47
Suppose c + s + 8 = 6*c, 2*s = 4*c - 4. Suppose -2 - 1 = b, 4*b = -c*z + 954. List the prime factors of z.
3, 7, 23
Suppose -50*r + 27552 + 152898 = 0. List the prime factors of r.
3, 401
Let a be (-1 + 3 - 2)/(-37 - -38). Suppose -140*k + 148*k - 6928 = a. List the prime factors of k.
2, 433
Let i be (2/6)/(2277/(-162) - -14). Let h(c) = 20*c**2 + 16*c + 78. List the prime factors of h(i).
2, 3, 13
Let d = 42188 + -8062. List the prime factors of d.
2, 113, 151
Suppose -5*j + 10*j + 10 = 0. Let b be (j*2/(-8))/((-4)/(-680)). Suppose b = -3*g + 376. List the prime factors of g.
97
Let q = -3527 - -14469. List the prime factors of q.
2, 5471
Suppose 2*i = -3 + 67. Suppose 30*m - i*m - 8 = 0. Let v(z) = -22*z + 14. List the prime factors of v(m).
2, 3, 17
Let o(y) = -y + 22. Let r be o(17). Suppose 0 = -r*t - 3*a + 29, 5*t + 3 = 4*a + 11. Suppose -5*b = -t*b - 12. List the prime factors of b.
2, 3
Suppose 3*a + 5*n + 5 = 0, 19 = 3*a - 0*n - n. Let c be (-9)/(a/10*-3). Suppose -l + 3*p = -c - 74, l = 5*p + 82. What are the prime factors of l?
7, 11
Let a(j) = 2*j**2 + 5*j - 3. Let k be a(-3). Let g be 4 - k*(-1)/(-4). Suppose -382 = -5*w - 4*o, 0 = -g*w + 6*w + 4*o - 160. What are the prime factors of w?
2, 37
Suppose -d - 2*b - 40 = 44, -d = 5*b + 90. Let c be (d/(-32))/((-2)/(-8)). Suppose -144 = -2*r + c. What are the prime factors of r?
7, 11
Let i = 330 + -406. Let t(z) = 39*z + 3. Let n be t(-6). Let p = i - n. What are the prime factors of p?
5, 31
Suppose -226 = 4*o - 2*j, 4*o = 3*o - 2*j - 64. Let x = 1 + -2. Let b = x - o. List the prime factors of b.
3, 19
Suppose 5*n - 25 = n - d, -3*n = 5*d - 23. Let a(c) = -12*c + 12*c + n*c + c**2. What are the prime factors of a(-8)?
2
Let o = -39788 + 73805. What are the prime factors of o?
3, 17, 23, 29
Let b(x) be the first derivative of 2*x**3/3 + 21*x**2/2 - 4*x + 25. List the prime factors of b(-16).
2, 43
Suppose -3*q + 11791 = -17*g + 21*g, -2*q - 3*g = -7861. What are the prime factors of q?
3929
Let s be (-20)/(-5) + 2 + -4. Let a(f) = 46*f**2 - 3*f - 2. Let r be a(s). Suppose -9*z = -z - r. What are the prime factors of z?
2, 11
Let k(v) be the third derivative of 4/3*v**3 - 24*v**2 + 1/24*v**4 + 0*v + 0. List the prime factors of k(12).
2, 5
Let r = -1864 + 3597. What are the prime factors of r?
1733
What are the prime factors of 22070 + 0/(-1*(-10 - -9))?
2, 5, 2207
Suppose 0 = -2*z - 2, 5*z = -5*m + 9*m - 5. Suppose -46*y + 35780 + 15556 = m. List the prime factors of y.
2, 3, 31
Suppose 1414*g + 1920422 = 1448*g. List the prime factors of g.
7, 8069
Suppose 5*z - 452982 = -46*z - 0*z. List the prime factors of z.
2, 4441
Let i(n) = 1418*n**2 - 35*n + 48. What are the prime factors of i(3)?
3, 5, 7, 11
Suppose -5*t = -5*m + 15, -5*m - 12 = 4*t - 0. Suppose -c - 4 = m, -5*v - 2*c = -c - 496. Let q = v - 78. List the prime factors of q.
2, 11
Let o be (1/(-1))/2*(-34)/1. Suppose -19*c + o*c - 8 = 0. Let d(s) = -s**3 - 2*s + 3. What are the prime factors of d(c)?
3, 5
List the prime factors of (14110/3 + 0)*(-2256)/(-1880).
2, 17, 83
Let c(z) = 3*z**3 + 3*z**2 - z - 1. Suppose -4*l = -4*g + 4, 0 = 2*l - 4*g + 4 + 2. Let n be l*4/(-12) + (-20)/(-6). List the prime factors of c(n).
2, 13
Let i = 39267 - 13055. List the prime factors of i.
2, 6553
Suppose -3*i + 3*s + 219 = 0, 0 = -i + 2*s + s + 73. Let z = 20 - 28. What are the prime factors of i + (-2)/8 + 6/z?
2, 3
Let m(j) = -j**3 - j**2 - j - 8. Let d be m(-5). Let l be -7 - -4 - -5*d. Suppose 0*x + 4*s = 5*x - 454, 5*x + 3*s - l = 0. What are the prime factors of x?
2, 47
Suppose -7853 = 29*k + 8155. Let n = k - -640. List the prime factors of n.
2, 11
Let p(n) be the third derivative of 6*n**6/5 + n**5/60 - n**4/24 + 3*n**2. Let o be p(1). Let k = o + -90. What are the prime factors of k?
2, 3
Let a be 1/((-1)/78 + 8/(-52)). Let r(z) = -4*z**3 + 8*z**2 + 4*z + 13. List the prime factors of r(a).
7, 163
Let z = 14073 + -7903. List the prime factors of z.
2, 5, 617
Suppose 8384 = -3*n + 3*h + 25154, -4*n + 22360 = 4*h. List the prime factors of n.
2, 5, 13, 43
Suppose 265 = 14*r - 71. Suppose -6 = -5*w + r. What are the prime factors of w?
2, 3
Suppose 0 = -30*i + 4*i + 109720. Suppose i = 8*d + 324. What are the prime factors of d?
487
Suppose 3*k - 20334 = -3*y, -2*y = -3*k - 17036 + 3440. What are the prime factors of y?
2, 3, 13, 29
Suppose -9*p + 4*p = 2*s + 1606, -4*p = -s + 1277. Let j be ((441/(-12))/(-1))/((-30)/p). List the prime factors of (-7)/(-21) + j/3.
131
Let m = 547 - 9. What are the prime factors of m?
2, 269
What are the prime factors of ((-66)/(-62) - 1) + (-379585)/(-155)?
31, 79
Let c(m) = m**3 + 12*m**2 + 27*m + 5. Let w be c(-9). Suppose 0 = -w*u + 3480 + 90. Suppose 6*o - 12*o = -u. What are the prime factors of o?
7, 17
Let s(t) = 2*t - 4. Let n = 28 - 25. Let f be s(n). Suppose -f*w - 5*u = -127, -w + 0*u + 66 = 2*u. What are the prime factors of w?
2, 19
Let s(r) = 115*r**2 - 8*r + 7. Let m = 13 - 12. Let z be s(m). Let i = z - 2. What are the prime factors of i?
2, 7
Suppose -2*q + b - 9627 = -52230, 4*q = -5*b + 85213. List the prime factors of q.
2, 10651
Let y = -27021 + 47905. List the prime factors of y.
2, 23, 227
Suppose 0 = -n + 3*r + 35024, 42*r = n + 45*r - 35006. What are the prime factors of n?
5, 47, 149
Suppose -2*p - 44 = x - 3*p, -5*p + 130 = -3*x. What are the prime factors of (2400/x)/(-4 - (-58)/15)?
2, 5
Suppose 7*m = 5*m. Let q be m/((-7)/(14/6)). Suppose 3*t - 2*x = t + 50, 4*x + 8 = q. List the prime factors of t.
23
Let z be 85*((-5)/(-25) + 0). Let t = 1018 + z. What are the prime factors of t?
3, 5, 23
Let i(q) = -225*q - 1276. List the prime factors of i(-24).
2, 1031
Suppose -151 